 What is the tens digit of f?
6
Let w be 3/6*(-4)/(-2). What is the units digit of 8*(-5)/(-2) + w?
1
Suppose q = 5*u - q - 6, -u - 3*q - 9 = 0. What is the units digit of (-339)/(-5) + u + 16/(-20)?
7
Let k(q) be the first derivative of 9*q**2/2 - 17*q - 21. What is the hundreds digit of k(15)?
1
Let q(d) = 12 + 2*d**2 + d**3 - 2*d + 14 - 29 + d. Let r be q(-2). What is the tens digit of (-3 + (-7 - 3))*r?
1
What is the hundreds digit of (6 - 16) + 1 + 1700?
6
What is the units digit of 615/1 + (5 - 28/4)?
3
What is the tens digit of (2075 + (-6)/(-2))/(-2 - -4)?
3
Let a be (-1784)/28 + (-8)/28. What is the tens digit of (0 + -1)*(-3 + a)?
6
Suppose i - 4 = 2*v - 3*i, -3*v + 14 = -i. Suppose -v*p + 0*p = 72. What is the tens digit of 10 + p + 66*1?
6
Let p be -2 - (-7)/(35/10). Let c(k) = 2*k**2 - 2*k + 169. What is the units digit of c(p)?
9
Suppose -20617 = -15*r + 13718. What is the thousands digit of r?
2
Let a be ((-3)/(-3))/(-1)*-25. Suppose -4*d + a = -3*d. Suppose -2*i + d = 5. What is the units digit of i?
0
Suppose 240 = 5*p - 135. What is the tens digit of p?
7
Let j = 9385 - 4982. What is the thousands digit of j?
4
Suppose -6*l + 12*l = -30. Let u(t) = 5*t**2 - 4*t - 12. What is the units digit of u(l)?
3
Suppose 2*x + 517 = 5*x - g, 5*x = -2*g + 869. Suppose 4*z - j = 128, -2*j + x = 4*z + z. What is the tens digit of z?
3
Let s(y) = 10*y - 43. Let u(l) = 3*l - 14. Let p(v) = 2*s(v) - 7*u(v). What is the units digit of p(9)?
3
Let d(y) = 12*y**3 - 2*y**2 + 9*y - 78. What is the thousands digit of d(6)?
2
Suppose w = 3 + 6. Let t(d) = -4*d**2 - 3*d + 1. Let v be t(1). Let q = w - v. What is the units digit of q?
5
Suppose 103 = 9*k - 8*k. Suppose -237 = -5*t + k. What is the units digit of t?
8
Suppose -4 = -9*h + 7*h. Suppose 4*w + 2*a - a = 56, -2*w = h*a - 22. What is the units digit of w?
5
Let b be (-3)/(-15) + (-5478)/(-10). Suppose 0*n + b = 4*n + 4*z, 2*z = 4*n - 578. Suppose -j - j = 4*c - n, 4*c = 5*j + 177. What is the tens digit of c?
3
Let r(s) = -125*s**3 + 3*s**2 - 2*s + 4. What is the thousands digit of r(-2)?
1
Suppose -3*m + 2*k + 37 = 0, m + 5*k + 18 - 2 = 0. What is the units digit of m?
9
Let n be ((0 - 0) + -26)*27/(-6). Let a = 182 - n. What is the tens digit of a?
6
Let i(v) = 0*v - 5*v + 3*v - 1. Let y be i(-1). Suppose -4*j + 4 = -2*n, 3*j - 2*n = y - 0. What is the units digit of j?
3
Suppose -2*z = -5*o - 39, -z - 3*z + 2*o = -38. Suppose 11*q = z*q. Suppose q = 5*g - 113 - 67. What is the units digit of g?
6
Suppose 3*t = 4*k - 424, -3*k + 0*k + t = -318. Let h = k + -67. What is the tens digit of h?
3
Let f be 6 - 9*(-4)/(-12). Suppose 2*q + f*q = -2*r + 47, 29 = r - 3*q. What is the units digit of r?
6
Let f(t) = 231*t**2 + t + 2. What is the tens digit of f(-2)?
2
Let d be (-3 - -1) + (-5)/((-20)/328). Let u = 47 + d. What is the tens digit of u?
2
Let r be (-2)/1*(-9)/2. Suppose -4*m - r = -29. Suppose 247 = m*d - 8. What is the tens digit of d?
5
Let x be 4/(-16) - 13/(-4). Suppose x*p + l = 10, 0 = p + 4*p - 5*l - 10. Suppose -63 = -3*u + p*v, 0*v = -5*v. What is the tens digit of u?
2
Let u(v) = 4*v**2 - 25. What is the units digit of u(-8)?
1
Let z(p) = 6*p**2 - 6*p + 60. What is the units digit of z(10)?
0
Let m be 0/(4 + -7) - (-138)/1. Let i = m + 12. What is the units digit of i?
0
Let r(q) = -24*q + 803. What is the units digit of r(27)?
5
Suppose 58*l - 170054 - 176786 = 0. What is the thousands digit of l?
5
Let u(y) be the second derivative of y**4/3 + 19*y**2/2 - 18*y. What is the tens digit of u(4)?
8
Suppose 6*x = -x + 819. What is the tens digit of x?
1
Suppose -h = 2*v - 4213, -226*h + 223*h = -3*v - 12621. What is the units digit of h?
9
Let f = 0 + 4. Suppose f*g - 5*i = 73, 0*i + 5 = -i. Suppose 0 = -4*o + 80 - g. What is the units digit of o?
7
Suppose 52 + 1319 = 3*p. What is the units digit of p?
7
Let r(h) = 2*h**2 - 27*h - 12. Let x be r(14). Let f(m) = 67*m + 2. What is the units digit of f(x)?
6
Suppose 3*l = -n - 276, -2*l + 268 = -n - l. Let r = -181 - n. Suppose -4*q + 3*o = -187, 3*o - 6*o - r = -2*q. What is the tens digit of q?
4
Suppose -4*y = -2*y - 14. Suppose -a - 146 = -l, y*l - 3*a + 302 = 9*l. What is the units digit of l?
8
Suppose 3*m - s - 1006 = 0, -3*m - 2*m = -2*s - 1675. What is the hundreds digit of m?
3
Suppose 370 = 2*r - 3*f, -4*r + 4*f + 263 + 481 = 0. What is the hundreds digit of (r/(-8) + -3)*(-2 - 2)?
1
Let u = 17 + 1. Suppose 0*g + u = g. What is the tens digit of 2*g*6/8?
2
Suppose -4*b + 427 = -5*o, b - 91 = -3*o - o. What is the tens digit of b?
0
Suppose -4*c + u = 17, -6*c + 2*u = -2*c + 22. Let a(p) = -26*p**3 + p**2 - 5*p - 3. Let l be a(c). What is the units digit of (-12)/(-54) + l/27?
7
Let b = 36 + -52. Let j(h) = 3*h**2 + 2*h. Let m be j(-4). Let w = m + b. What is the tens digit of w?
2
What is the tens digit of (540/25)/((-6)/(-135))?
8
Suppose -n + 35 = -2*j, -j = -2*n + 4*n - 80. What is the tens digit of n?
3
Let z = 41 - 17. Let j = -16 + z. Suppose -j*x = -3*x - 85. What is the units digit of x?
7
What is the tens digit of -6 - (4606 - 12)*(-1)/2?
9
Let o be (6/(-5))/3*-40. Suppose 3*b - 128 - o = 0. Suppose 7*i - 8*i = -b. What is the units digit of i?
8
What is the thousands digit of 10/(-100) - (-58263)/30?
1
Let j(f) = f**3 + 7*f**2 - 2*f + 8. Let l be j(-5). Suppose -1 = -5*o + y - 2, 0 = 3*o - 5*y + 5. Suppose o = -4*u + 44 + l. What is the units digit of u?
8
Let p = -55 + 55. Suppose p = n - 3*w - 95, 3*n = 4*w + 319 - 39. What is the tens digit of n?
9
Let l be (-7)/(-2) + (-2)/4. Suppose -l*d - d = 12. What is the units digit of (-6 - d) + (-16)/(-2)?
5
Suppose v - 90 = -2*v. Suppose -54 = -v*d + 28*d. What is the tens digit of d?
2
Let a(u) = -u**2 - 6*u - 40. Let m be a(6). What is the hundreds digit of m/(-40)*(-170)/(-8)*2?
1
Let l = -16 + 21. Suppose -5*c - 240 = -l*g, 4*g - g - 154 = 5*c. What is the units digit of g?
3
Let s be (8/(-6))/(8/(-12)). Let t(k) = 4*k**3 - 4*k**2 + k + 2. What is the tens digit of t(s)?
2
Let y(r) = -89*r + 195. What is the hundreds digit of y(-7)?
8
Let j(f) = -f. Let k(v) = 4. Let q(c) = -20*j(c) - k(c). What is the tens digit of q(2)?
3
Suppose -3*a = -380 - 37. Suppose -4*q + 589 = 4*z - a, -3*q + 5*z + 530 = 0. What is the tens digit of q?
8
Let u(y) = 191*y**3 - y**2 + 3*y - 1. What is the units digit of u(1)?
2
Suppose -5990 = -6*l + 7168. What is the tens digit of l?
9
Let k(y) = -y**3 + y**2 - y - 3. Let m = -26 - -26. Let a be k(m). What is the units digit of (-1)/a*(-405)/(-3)?
5
Let u be 120/18*(-6)/(-5). Suppose 4*j - 16 = u. Suppose 26 = j*k - 5*k. What is the tens digit of k?
2
Let f = -615 - -1403. What is the units digit of f?
8
Let s = -21 + 30. What is the units digit of s?
9
Let u(b) = b**2 - b + 8. Let d be u(0). Let q = d - 4. Suppose q*k = 3 + 81. What is the units digit of k?
1
Let w = -1410 - -2154. What is the units digit of w?
4
Suppose 9*u - 974 = 7*u. What is the tens digit of u?
8
Suppose -5*u = 0, -5*y = -5*u + 10*u - 3830. What is the tens digit of y?
6
Suppose 14*i - 10172 = -2290. What is the tens digit of i?
6
Let c(x) = -x**2 + 2*x - 1. Let f be c(0). Let r(o) = -34*o**3 - o**2 - o. Let s be r(f). Suppose t - 5*q + 0*q = s, 0 = -q - 3. What is the tens digit of t?
1
Let k = -18 - -20. Suppose 0*m + 3*m - 59 = -k*s, 5*s - 173 = m. What is the tens digit of s?
3
Suppose 4*x = 967 - 99. What is the tens digit of x + 2 - (-5 - -1)?
2
Suppose -58*a = -64*a + 6402. What is the units digit of a?
7
Let c(z) = 11*z - 4. Let x be c(4). Let h(k) = -4*k**3 + 3*k - 2. Let o be h(2). Let l = o + x. What is the tens digit of l?
1
Let s be (-3 + 2)/(1 + 2/(-4)). What is the tens digit of ((-600)/32)/(s*(-3)/(-24))?
7
What is the hundreds digit of (-742384)/(-152) + (-4)/38?
8
What is the hundreds digit of 18/(-12)*(-13)/((-52)/(-336))?
1
Let f(u) = -u**3 - 5*u**2 + 3*u - 8. Let y be f(-6). Let h = y + -7. Suppose -h*s - 54 = -5*s. What is the units digit of s?
7
Let m = -1444 - -4281. What is the thousands digit of m?
2
Suppose 3*v - 2*g = 3 - 5, -5*g + 14 = -3*v. What is the hundreds digit of 0 - -3 - (0/v + -155)?
1
What is the tens digit of (-2)/3 - (-301344)/657?
5
Suppose -2*g + 2*m - 7*m - 498 = 0, 3*g + 781 = m. Let r = g + 511. What is the tens d